(y) = -65*y - 718. Let o be g(-47). What is the highest common divisor of 57 and o?
57
Let o = 28 + -28. Suppose -3*m - 7 + 262 = o. What is the greatest common factor of 17 and m?
17
Let m = 235 - 588. Let l = 239 + m. Let x be l/(-18) + 3/(-9). Calculate the greatest common factor of x and 3.
3
Suppose 3*j = 3 - 21. Let u = -3 - j. Suppose u*i = 3*h + 93, 3*i = -2*i + 2*h + 152. What is the greatest common divisor of i and 6?
6
Suppose 0*f + 36 = 6*f. Let k(a) = a**3 - 7*a**2 + 8*a - 6. Let g be k(f). What is the greatest common divisor of g and 30?
6
Suppose r = -3*r, -90 = -3*z - 3*r. What is the greatest common factor of z and 25?
5
Let s(j) = 2*j**2 + 10*j + 83. Let t be s(-6). What is the greatest common factor of 152 and t?
19
Let y be (13 - 7) + (-8)/2. Suppose -2*c - k = 6, -12 = y*c - 3*k + 10. Let f = c - -15. Calculate the highest common divisor of 10 and f.
10
Let b(q) = -15*q + 180. Let w be b(-20). Calculate the greatest common factor of 16 and w.
16
Let v = 78 + -45. Let n = 27 - 5. Calculate the highest common divisor of n and v.
11
Suppose 4 - 2 = 2*y, y - 575 = -2*z. Suppose -289*l + z*l + 66 = 0. What is the highest common divisor of 88 and l?
11
Let r = 51 - 42. Let b(m) = -m**2 + 13*m - 1. Let d be b(r). What is the greatest common factor of 14 and d?
7
Let j be ((-22)/(-1))/((-27)/(-162)). What is the greatest common factor of j and 24?
12
Suppose -5*l + 0*l - 3*w = -156, -4*l + 141 = -3*w. Calculate the greatest common divisor of 9 and l.
3
Let b = 2073 - 1237. Calculate the greatest common divisor of 88 and b.
44
Let u(r) = 5*r**2 - 40*r + 17. Let j be u(8). What is the highest common factor of 850 and j?
17
Let q be ((-162)/135)/(3/(-70)). What is the greatest common divisor of q and 20?
4
Suppose 0 = 4*z - 33 + 9. Let s = -647 - -655. Calculate the greatest common factor of s and z.
2
Let b be 8 + -2 + (-2 - 2). Calculate the greatest common divisor of b and 5.
1
Let k(b) = 2 + b**2 - 4 - 2*b - 2 - 2*b**2. Let t be k(0). Let n(q) = -q**3 - 2*q**2 + 6*q - 3. Let m be n(t). What is the highest common divisor of m and 2?
1
Let k = 1414 - 1386. Calculate the highest common divisor of k and 434.
14
Suppose d - 8*d = 49. Let c = 8 + d. Calculate the greatest common factor of 3 and c.
1
Let h be -3*30/27*-3. Suppose -r - 3*b + 8*b = 25, h = 5*r + 2*b. Suppose -p - 3 = 0, r*n - p = -5*n + 18. What is the highest common factor of n and 33?
3
Let t(w) = -w + 4*w**2 - 1 - 2*w**2 + 9*w**2 - 2*w**2. Let d be t(-1). Calculate the greatest common factor of 72 and d.
9
Let n(v) = -v**3 - 15*v**2 - 26*v + 30. Suppose -13 = -8*i + 9*i. Let j be n(i). Calculate the greatest common factor of 6 and j.
6
Let n(b) = 8*b**2 + 2*b - 1. Let g be 4 - (-3)/6*-2. Suppose -t - g = -4*t. Let u be n(t). Calculate the highest common divisor of u and 1.
1
Suppose 4*z + 358 = -842. Let c be (z/(-36))/((-1)/(-6)). Let u(t) = t**3 - 2*t**2 - 4*t + 4. Let f be u(4). What is the highest common factor of f and c?
10
Let j(y) = -y**2 - 17*y + 62. Let u be j(-20). Calculate the greatest common divisor of u and 29.
1
Let f(v) = v**2 - 8*v - 2. Let d be f(8). Let m be -2 - d - (-5)/1. What is the highest common divisor of m and 40?
5
Let l be (1 - -109) + -37 + 32. Calculate the highest common divisor of 75 and l.
15
Let w(c) = -32*c**3 + c**2 + 2*c + 1. Let k be w(-1). Suppose 5206 - 726 = 20*g. What is the greatest common divisor of g and k?
32
Let w(z) = 4*z**2 - 6*z - 4. Let b be w(4). What is the greatest common factor of b and 12?
12
Let l be (-20)/3*(-63)/(-42). Suppose -48 = -3*y - 6. Let k be (-12)/(-42) - l/y. What is the greatest common divisor of 5 and k?
1
Let v be 18*18/(-12)*(-4)/6. Let z(a) = 6*a - 44. Let o be z(v). What is the highest common divisor of 16 and o?
16
Let h = 7 + 124. Suppose -5*j = -h + 1. What is the highest common divisor of 26 and j?
26
Suppose -3*x + 3 = 2*f, 3*f + 11 - 2 = 0. Let k(y) be the first derivative of 4*y**2 - 6*y + 1. Let s be k(x). What is the highest common factor of s and 18?
18
Let r(i) = 4*i**3 - i**2 - 1. Let h be r(2). Suppose 5*c = -112 + h. Let y = 30 + c. Calculate the highest common divisor of 91 and y.
13
Let o = -445 + 447. Let y(u) = -u**3 + 5*u**2 + 4*u. Let m be y(5). What is the greatest common factor of o and m?
2
Let v be (-4)/30 + (-7)/(630/(-6312)). Calculate the highest common factor of v and 385.
35
Suppose 4*s = 2*s + 4, 52 = 4*b - 4*s. Calculate the greatest common divisor of b and 20.
5
Suppose -3*h - 27 = -5*t, 7*t + 3*h - 27 = 3*t. Suppose 2*z = -5*y + 1297, 5*z = -3*y + t*z + 776. What is the greatest common factor of y and 37?
37
Let c(u) = -u**3 - 5*u**2 + 2*u + 9. Let p be c(-7). Calculate the highest common factor of p and 341.
31
Let k be -2 + 6/(8/4). Let v be k/(-1) - (3 + -44). Suppose -4*b = -3*b - v. Calculate the greatest common divisor of b and 10.
10
Let y(t) = 2*t**3 + 4*t**2 - t + 1. Let m be y(4). Calculate the greatest common factor of m and 441.
63
Let d = -983 - -1024. What is the greatest common factor of 1025 and d?
41
Let y = -14 + 40. Suppose -l + h + 14 = 6*h, -2*h - 88 = -2*l. Calculate the highest common divisor of l and y.
13
Suppose 0 = 2*x - 5*i - 276, 2*x + 2*i - 198 = 64. Calculate the highest common factor of 35 and x.
7
Let j be 3/4 - (-7)/28. Let m = j - -4. Let u = 93 - 88. Calculate the greatest common divisor of u and m.
5
Suppose -13*m = -28*m + 495. What is the highest common divisor of m and 869?
11
Suppose 0*f + 3*f = 6. Suppose -2*n = n - 192. Suppose 16*m - n = 12*m. What is the highest common factor of f and m?
2
Let h be -451 + (2 - (7 - 4)). Let p = h + 62. Let u be -2*(p/(-4))/(-5). What is the highest common factor of u and 26?
13
Suppose -3*z - 4 - 2 = 0. Let m be (z/2)/1 + (-84)/(-6). What is the highest common factor of m and 13?
13
Let v(q) = -23*q**2 - 121*q - 28. Let g be v(-5). Let m be (1 - 2) + 1*4. Calculate the highest common factor of m and g.
1
Let o be ((-1)/(-3))/((-2)/(-2148)). Suppose 4*g + 74 = -4*p + o, 2*g - 3*p = 147. Calculate the highest common factor of 54 and g.
18
Let u = 43 - 23. Suppose 1 = -2*q - 5*z - 3, -2*q = -3*z - 28. What is the greatest common divisor of u and q?
4
Suppose 19*n + 63 = 22*n. Calculate the greatest common divisor of n and 1092.
21
Let n(i) = 33*i + 3. Let c be n(-2). Let m = c + 102. Suppose -3*p + v = 2*p - 129, 0 = -p + 4*v + 22. Calculate the highest common factor of p and m.
13
Let h(i) = 3*i - 6*i - 7*i. Let l be h(-6). Let s(m) = 3*m**2 + 35*m + 116. Let z be s(-4). What is the greatest common divisor of z and l?
12
Suppose -20*a + 726 = 13*a. Calculate the highest common factor of 418 and a.
22
Let j be (-11)/22*384/(-2 - 2). Calculate the highest common factor of j and 496.
16
Let f be (13*-1)/((-1)/1). Let v be ((-4030)/93)/(8/(-12)). What is the highest common factor of v and f?
13
Let f be (-250)/(-50)*(-4)/(-10). Let r(m) = -m**2 + 7*m - 3. Let q be r(6). Calculate the highest common factor of f and q.
1
Let p(s) = -2*s + 515. Let z be p(-47). Calculate the greatest common factor of z and 21.
21
Let u be 0 - 2 - (1 - 276). Let z be 13*((-6)/8)/((-4)/16). What is the highest common divisor of u and z?
39
Let q(u) = -2*u**3 - u**2 - 7*u. Let f(b) = b**2 - 2*b - 1. Let y(s) = -3*f(s) + q(s). Let t be y(-3). What is the highest common factor of t and 30?
6
Suppose -8 - 5 = s. Let k be 32/1 - (-39)/s. Suppose 0 = -3*r - r - 4*q + 368, -3*q - 246 = -3*r. What is the greatest common factor of k and r?
29
Suppose 0 = -30*k - 21*k + 663. Let s be (-4)/(-10) - 323/(-5). Calculate the greatest common divisor of s and k.
13
Let f = -699 + 794. What is the greatest common divisor of 5 and f?
5
Let x(q) = -q**2 - 17*q + 24. Let m be x(-18). Suppose m*y = y + 70. What is the greatest common factor of 35 and y?
7
Suppose 2*n = -3 + 7. Let i = 57 - 57. Suppose -47 = -n*c + 3*f + 49, 2*f = i. What is the highest common divisor of 6 and c?
6
Let l(c) = 7 + 0 + 4 + 3*c - 3. Suppose -3*z + 5*k = -11, -8 = -z - 2*k + 14. Let v be l(z). What is the highest common factor of v and 4?
4
Let i(s) be the second derivative of 0 + 4*s - 1/3*s**3 - 1/2*s**2 + 1/3*s**4. Let y be i(-7). What is the highest common divisor of y and 19?
19
Suppose 151 - 102 = 7*a. What is the greatest common divisor of a